1?
61
Calculate the remainder when 15278 is divided by 54.
50
Calculate the remainder when 10488 is divided by 49.
2
Calculate the remainder when 26191 is divided by 8719.
34
Calculate the remainder when 24746 is divided by 55.
51
Calculate the remainder when 11158 is divided by 607.
232
What is the remainder when 1105873 is divided by 125?
123
What is the remainder when 13678 is divided by 1951?
21
What is the remainder when 2791 is divided by 40?
31
Calculate the remainder when 2661 is divided by 7.
1
Calculate the remainder when 1040 is divided by 437.
166
Calculate the remainder when 20829 is divided by 274.
5
Calculate the remainder when 2016 is divided by 498.
24
What is the remainder when 49847 is divided by 6229?
15
What is the remainder when 4399 is divided by 407?
329
What is the remainder when 209637 is divided by 68?
61
What is the remainder when 947 is divided by 622?
325
What is the remainder when 4885 is divided by 384?
277
Calculate the remainder when 73117 is divided by 94.
79
What is the remainder when 307680 is divided by 9?
6
What is the remainder when 8192 is divided by 122?
18
What is the remainder when 2955 is divided by 76?
67
What is the remainder when 54877 is divided by 343?
340
What is the remainder when 13798 is divided by 29?
23
Calculate the remainder when 64590 is divided by 85.
75
Calculate the remainder when 273080 is divided by 401.
400
What is the remainder when 1300 is divided by 21?
19
What is the remainder when 137374 is divided by 318?
316
Calculate the remainder when 15292 is divided by 31.
9
What is the remainder when 175939 is divided by 312?
283
What is the remainder when 1409 is divided by 77?
23
What is the remainder when 4318 is divided by 126?
34
Calculate the remainder when 46792 is divided by 37.
24
What is the remainder when 363817 is divided by 27?
19
What is the remainder when 245750 is divided by 40?
30
What is the remainder when 2133 is divided by 770?
593
Calculate the remainder when 2517 is divided by 464.
197
What is the remainder when 426014 is divided by 45?
44
Calculate the remainder when 14482 is divided by 2042.
188
Calculate the remainder when 3137 is divided by 713.
285
What is the remainder when 11098 is divided by 60?
58
What is the remainder when 287631 is divided by 549?
504
What is the remainder when 477 is divided by 185?
107
Calculate the remainder when 9800 is divided by 27.
26
Calculate the remainder when 13524 is divided by 195.
69
What is the remainder when 1516 is divided by 442?
190
What is the remainder when 20457 is divided by 852?
9
Calculate the remainder when 6567 is divided by 1491.
603
What is the remainder when 106810 is divided by 92?
90
Calculate the remainder when 27195 is divided by 400.
395
What is the remainder when 820 is divided by 768?
52
Calculate the remainder when 7041 is divided by 281.
16
Calculate the remainder when 857624 is divided by 162.
158
Calculate the remainder when 426 is divided by 334.
92
Calculate the remainder when 15000 is divided by 1363.
7
Calculate the remainder when 1013 is divided by 301.
110
Calculate the remainder when 712 is divided by 52.
36
What is the remainder when 2518 is divided by 109?
11
What is the remainder when 18559 is divided by 2811?
1693
Calculate the remainder when 68088 is divided by 987.
972
Calculate the remainder when 62012 is divided by 64.
60
Calculate the remainder when 4449 is divided by 1286.
591
Calculate the remainder when 2783727 is divided by 28.
23
What is the remainder when 113511 is divided by 74?
69
Calculate the remainder when 25375 is divided by 8454.
13
What is the remainder when 1240 is divided by 547?
146
What is the remainder when 324241 is divided by 1297?
1288
Calculate the remainder when 972879 is divided by 168.
159
What is the remainder when 16983 is divided by 20?
3
What is the remainder when 1443 is divided by 179?
11
What is the remainder when 48864 is divided by 698?
4
What is the remainder when 499349 is divided by 15?
14
Calculate the remainder when 4327 is divided by 28.
15
Calculate the remainder when 802277 is divided by 124.
121
Calculate the remainder when 66883 is divided by 16718.
11
Calculate the remainder when 28151 is divided by 132.
35
What is the remainder when 2967 is divided by 377?
328
Calculate the remainder when 20962 is divided by 159.
133
What is the remainder when 4915 is divided by 2436?
43
What is the remainder when 58409 is divided by 508?
497
Calculate the remainder when 85373 is divided by 23.
20
What is the remainder when 34274 is divided by 418?
416
What is the remainder when 591916 is divided by 140?
136
What is the remainder when 46441 is divided by 6628?
45
What is the remainder when 5647 is divided by 281?
27
What is the remainder when 15180 is divided by 3791?
16
What is the remainder when 504 is divided by 30?
24
What is the remainder when 103055 is divided by 14705?
120
What is the remainder when 11911 is divided by 70?
11
What is the remainder when 97734 is divided by 1303?
9
What is the remainder when 14062 is divided by 270?
22
Calculate the remainder when 222450 is divided by 103.
73
What is the remainder when 203 is divided by 68?
67
What is the remainder when 67666 is divided by 22537?
55
What is the remainder when 4137 is divided by 62?
45
What is the remainder when 668863 is divided by 26754?
13
Calculate the remainder when 568155 is divided by 189381.
12
What is the remainder when 18903 is divided by 9?
3
Calculate the remainder when 110460 is divided by 3682.
0
Calculate the remainder when 219322 is divided by 105.
82
Calculate the remainder when 1414 is divided by 159.
142
Calculate the remainder when 88485 is divided by 3403.
7
What is the remainder when 32032 is divided by 83?
77
What is the remainder when 11705 is divided by 404?
393
What is the remainder when 684699 is divided by 684697?
2
Calculate the remainder when 196037 is divided by 3564.
17
Calculate the remainder when 8682 is divided by 2125.
182
What is the remainder when 8599 is divided by 36?
31
Calculate the remainder when 858296 is divided by 101.
99
Calculate the remainder when 808 is divided by 522.
286
Calculate the remainder when 7505 is divided by 509.
379
What is the remainder when 198089 is divided by 639?
638
What is the remainder when 256318 is divided by 20?
18
Calculate the remainder when 5581 is divided by 126.
37
Calculate the remainder when 219864 is divided by 54962.
16
What is the remainder when 116469 is divided by 5?
4
What is the remainder when 8322 is divided by 832?
2
Calculate the remainder when 1147081 is divided by 5.
1
What is the remainder when 249847 is divided by 249831?
16
Calculate the remainder when 10620 is divided by 125.
120
Calculate the remainder when 1875 is divided by 1852.
23
What is the remainder when 104258 is divided by 37?
29
What is the remainder when 195422 is divided by 99?
95
What is the remainder when 454693 is divided by 322?
29
Calculate the remainder when 5534 is divided by 216.
134
What is the remainder when 600303 is divided by 71?
69
Calculate the remainder when 13914 is divided by 13.
4
Calculate the remainder when 8411 is divided by 156.
143
What is the remainder when 52577 is divided by 344?
289
Calculate the remainder when 706 is divided by 73.
49
What is the remainder when 4469 is divided by 156?
101
What is the remainder when 111838 is divided by 160?
158
What is the remainder when 7826 is divided by 54?
50
Calculate the remainder when 3147 is divided by 10.
7
What is the remainder when 42303 is divided by 32?
31
What is the remainder when 9856 is divided by 32?
0
Calculate the remainder when 5885 is divided by 734.
13
Calculate the remainder when 221494 is divided by 31.
30
What is the remainder when 2664463 is divided by 22?
21
Calculate the remainder when 15026 is divided by 64.
50
What is the remainder when 100187 is divided by 58?
21
Calculate the remainder when 28126 is divided by 2005.
56
Calculate the remainder when 85 is divided by 31.
23
What is the remainder when 348 is divided by 51?
42
Calculate the remainder when 40905 is divided by 54.
27
Calculate the remainder when 125633 is divided by 40.
33
Calculate the remainder when 2055 is divided by 8.
7
Calculate the remainder when 913172 is